.
-140
Let z(m) = m**3 - 71*m**2 - 32*m + 2282. What is z(71)?
10
Let v(r) = 373*r - 18. Calculate v(0).
-18
Let q(c) = -602*c**2 + 1196*c + 10. Determine q(2).
-6
Let a(g) = g**3 + 15*g**2 - 6*g + 33. Give a(-16).
-127
Let p(h) = -25*h + 600. What is p(27)?
-75
Let o(x) = x**3 + 11*x**2 + 36*x + 22. Determine o(-4).
-10
Let z(g) = 10*g**2 + 157*g - 57. Calculate z(-16).
-9
Let f(b) = 3*b**2 + 227*b - 1996. Give f(8).
12
Let j(v) = v**3 - 16*v**2 + 27*v + 13. Give j(14).
-1
Let r(j) = -74*j + 1627. Calculate r(22).
-1
Let n(t) = -t**3 + 14*t**2 - 80*t - 1. Determine n(7).
-218
Let j(q) = q**3 - 56*q**2 - 7*q + 308. Calculate j(56).
-84
Let t(x) = x**2 + 39*x + 191. Give t(-33).
-7
Let y(o) = -o**3 - 11*o**2 + 4*o - 10. What is y(-12)?
86
Let v(k) = -k**3 + 19*k**2 - 78*k + 13. Calculate v(13).
13
Let o(f) = 4*f**3 - 99*f**2 - 26*f + 88. Calculate o(25).
63
Let q(a) = 45*a**2 + 810*a - 18. What is q(-18)?
-18
Let p(q) = 601*q - 596. Give p(1).
5
Let p(j) = j**3 + 32*j**2 + 145*j - 65. Give p(-6).
1
Let k(v) = 163*v - 24118. What is k(148)?
6
Let g(m) = 13*m + 44. Give g(-3).
5
Let x(j) = -3*j - 105. Calculate x(-12).
-69
Let r(h) = -h**2 + 935*h + 4698. What is r(-5)?
-2
Let m(t) = -321*t + 16. Calculate m(-1).
337
Let s(o) = 2*o**3 + 38*o**2 + 175*o - 14. Determine s(-11).
-3
Let c(f) = 6*f**2 - 58*f + 85. Give c(7).
-27
Let x(i) = 30*i**2 - 159*i - 651. Determine x(8).
-3
Let c(f) = -4*f**3 - 47*f**2 - 101*f - 7. What is c(-8)?
-159
Let j(c) = c**3 - 23*c**2 - 112*c + 78. What is j(27)?
-30
Let b(y) = 3*y**2 + 13*y - 5. Give b(-10).
165
Let k(f) = 7*f**3 - 47*f**2 + 34*f - 27. Calculate k(6).
-3
Let w(h) = h**2 - 99*h + 1077. Calculate w(14).
-113
Let o(h) = 321*h + 3830. Calculate o(-12).
-22
Let k(o) = o**2 - 31*o + 158. Give k(10).
-52
Let w(v) = 34*v - 7. Determine w(8).
265
Let k(d) = -2*d**3 + 13*d**2 + 18*d - 13. Calculate k(8).
-61
Let x(p) = -p**3 + 4*p**2 + 1217*p - 148. What is x(-33)?
-16
Let l(y) = 1181*y + 9448. Calculate l(-8).
0
Let s(d) = 356*d - 723. What is s(2)?
-11
Let z(m) = -2*m**3 - 148*m**2 + 3986*m + 90. Determine z(21).
6
Let m(n) = 1083*n - 10833. Calculate m(10).
-3
Let g(b) = -b**2 + 105*b - 302. What is g(102)?
4
Let b(a) = -1052*a - 9473. Give b(-9).
-5
Let a(b) = -30*b + 263. Give a(12).
-97
Let f(g) = 38*g + 1825. What is f(-44)?
153
Let j(p) = -p**3 - p**2 + 27*p - 2. Calculate j(-6).
16
Let w(b) = -495*b + 3209. Give w(7).
-256
Let s(p) = 37*p**3 - 81*p**2 + 10*p - 22. Determine s(2).
-30
Let f(c) = -8*c + 140. What is f(6)?
92
Let b(p) = 11*p**2 + 89*p + 80. What is b(-7)?
-4
Let z(c) = -10*c**2 - 808*c + 3234. What is z(4)?
-158
Let y(m) = 12*m - 73. Calculate y(18).
143
Let r(u) = -2*u**2 - 98*u + 440. What is r(-53)?
16
Let f(i) = 10*i + 84. Give f(-8).
4
Let c(d) = -d**2 - d + 51. Give c(10).
-59
Let m(i) = i**2 - 16*i - 7. What is m(12)?
-55
Let d(w) = 1196*w**2 + 10770*w + 56. Give d(-9).
2
Let b(u) = -35*u**2 - 1192*u - 74. Determine b(-34).
-6
Let q(g) = -2*g**3 - 317*g**2 + 481*g + 148. Give q(-160).
-12
Let c(v) = -v**3 + 3*v**2 + 8*v - 19. Give c(4).
-3
Let t(d) = -294*d**2 - 4430*d - 300. Give t(-15).
0
Let a(d) = -11*d - 15. Give a(-5).
40
Let a(u) = 5*u**3 + 6*u**2 - 2*u + 4. What is a(-3)?
-71
Let y(i) = -i**2 + 32*i - 1. What is y(37)?
-186
Let h(j) = j**2 - 38*j + 26. What is h(36)?
-46
Let u(f) = -2*f**3 + 40*f**2 - 35*f - 9. Give u(19).
48
Let i(r) = -13*r - 127. Determine i(-11).
16
Let i(p) = 710*p + 7087. What is i(-10)?
-13
Let d(b) = 1339*b - 44176. Calculate d(33).
11
Let l(r) = r**2 + 147*r + 4988. Determine l(-53).
6
Let j(t) = t**3 + 101*t**2 - 196*t + 1032. Give j(-103).
2
Let v(t) = -260*t**2 - t + 1. Calculate v(-1).
-258
Let f(r) = 19*r**3 + 646*r**2 + 64*r + 2171. What is f(-34)?
-5
Let t(y) = y**2 + 4*y - 18. Determine t(-8).
14
Let x(k) = k**3 + 73*k**2 + 97*k + 1694. Determine x(-72).
-106
Let b(y) = 2*y**3 - 67*y**2 + 127*y + 3. Calculate b(2).
5
Let x(w) = w**2 + 1578*w + 106989. What is x(-71)?
-8
Let n(r) = -12*r + 226. What is n(-20)?
466
Let k(v) = 48*v - 1790. Calculate k(37).
-14
Let x(y) = 30*y**2 + 5431*y + 263. Give x(-181).
82
Let h(c) = -395*c + 37. Give h(1).
-358
Let t(j) = j**2 + 684*j - 1378. Give t(2).
-6
Let s(f) = f**3 + 19*f**2 + 67*f + 15. Calculate s(-14).
57
Let w(v) = -v**3 - 3*v**2 - 10*v - 26. Determine w(-2).
-10
Let q(k) = -k**3 - 49*k**2 + 52*k + 96. What is q(-50)?
-4
Let u(v) = 5*v**2 - 53*v - 532. Give u(17).
12
Let y(q) = -q**2 - 36*q + 199. What is y(5)?
-6
Let c(p) = -11*p**2 + 134*p - 95. Give c(11).
48
Let x(i) = -25*i + 12. What is x(-4)?
112
Let t(a) = 15*a + 338. What is t(-21)?
23
Let l(z) = -385*z + 24. Give l(-1).
409
Let t(q) = q**3 - 2*q**2 + 19*q - 108. What is t(4)?
0
Let j(x) = 173*x - 1338. Give j(8).
46
Let o(m) = 45*m**2 + 30*m + 53. What is o(-2)?
173
Let x(j) = -j**3 + 29*j**2 - 52*j + 22. Determine x(27).
76
Let t(q) = -2*q**3 + 276*q**2 - 2*q + 273. What is t(138)?
-3
Let g(o) = -55*o - 1727. Calculate g(-27).
-242
Let y(o) = 8*o - 25. What is y(8)?
39
Let h(a) = -a**2 - 78*a - 301. Determine h(-4).
-5
Let t(c) = -143*c - 1683. Determine t(-14).
319
Let n(y) = 702*y + 4855. Calculate n(-7).
-59
Let k(m) = 25*m - 362. Calculate k(13).
-37
Let n(j) = -1390*j - 11120. Give n(-8).
0
Let s(z) = z**3 - 9*z**2 + 2*z + 43. What is s(7)?
-41
Let k(a) = -a**2 + 71*a - 1090. Calculate k(49).
-12
Let u(w) = w**2 + 27*w + 168. Calculate u(-18).
6
Let h(f) = 61*f**3 + 2*f**2 + 3*f. Determine h(-1).
-62
Let k(g) = -9*g + 374. Calculate k(34).
68
Let u(y) = -2*y**2 + 75*y + 223. What is u(40)?
23
Let o(v) = -1465*v - 1476. Give o(-1).
-11
Let j(k) = -1876*k - 5633. Give j(-3).
-5
Let b(m) = -m**3 + 8*m**2 + 70*m - 504. Calculate b(6).
-12
Let i(z) = 60*z - 700. Give i(12).
20
Let x(u) = 459*u - 137. Calculate x(1).
322
Let i(g) = -178*g - 2498. Calculate i(-14).
-6
Let g(f) = f**3 + 20*f**2 + 84*f + 12. Determine g(-6).
12
Let i(f) = -f**3 + 10*f**2 - 5*f + 19. Give i(9).
55
Let n(p) = -2*p + 151. Calculate n(20).
111
Let w(t) = t**2 - 13*t - 239. Give w(-11).
25
Let p(n) = -1774*n - 12420. Give p(-7).
-2
Let a(k) = 5*k + 218. Give a(-54).
-52
Let f(t) = -t**3 + 13*t**2 - 60*t + 126. Calculate f(5).
26
Let j(t) = -5*t**2 - 560*t + 1700. Determine j(-115).
-25
Let w(t) = -t**2 + 270*t + 1380. What is w(-5)?
5
Let b(h) = 213*h - 1082. What is b(5)?
-17
Let d(p) = -33*p + 417. What is d(5)?
252
Let c(q) = q**3 - 287*q**2 - 133*q - 44630. Determine c(288).
10
Let i(l) = -l**2 + 37*l + 92. Determine i(38).
54
Let l(m) = -476*m - 11424. Determine l(-24).
0
Let v(r) = -2*r**3 + 5*r**2 + 188*r - 21. Calculate v(11).
-10
Let g(a) = a**3 - 21*a**2 + 107*a - 116. Give g(14).
10
Let q(y) = -4*y - 96. Give q(-30).
24
Let r(s) = -4*s**2 - 7*s + 22. Give r(-3).
7
Let m(y) = 3*y - 441. Determine m(145).
-6
Let g(f) = f**2 - 70*f - 1681. What is g(89)?
10
Let l(z) = -170*z**3 + 4*z**2 - 5*z + 2. Give l(1).
-169
Let a(x) = -x**3 + 4*x**2 - 16*x - 6. Determine a(0).
-6
Let d(k) = -2*k**3 - 240*k**2 + 490*k + 236. Calculate d(-122).
-8
Let l(d) = -447*d + 7588. Determine l(17).
-11
Let q(z) = -z**2 + 26*z + 654. Give q(43).
-77
Let z(p) = -3*p**2 + 88*p - 233. Give z(26).
27
Let p(t) = 8*t + 156. Give p(-14).
44
Let z(i) = -4*i**2 - 5*i - 12. Calculate z(5).
-137
Let s(j) = 199*j + 3181. Give s(-16).
-3
Let r(h) = -4*h**2 + 38*h - 18. Give r(8).
30
Let w(f) = 867*f + 5189. Determine w(-6).
-13
Let c(d) = 18*d + 35. Determine c(4).
107
Let g(v) = 5*v**3 - 10*v**2 + 6*v + 10. Determine g(-3).
-233
Let o(r) = -r**2 - 41*r + 236. Calculate o(6).
-46
Let x(n) = -n**3 - 51*n**2 + 754*n - 107. Give x(-63).
19
Let p(g) = 25*g**2 - 18*g - 7. Calculate p(1).
0
Let b(p) = 140*p + 704. What is b(-5)?
4
Let m(d) = -d**3 - 12*d**2 - 47*d - 100. Give m(-7).
-16
Let w(h) = -h**3 - 9*h**2 - 6*h + 47. Calculate w(-8).
31
Let f(c) = -3*c**2 + 4*c + 232. Give f(0).
232
Let m(a) = -106*a - 248. Give m(-3).
70
Let k(g) = 26*g - 1235. Give k(49).
39
Let v(c) = -c**2 + 50*c + 2149. Determine v(78).
-35
Let w(d) = d**2 - 35*d - 296. Calculate w(46).
210
Let k(l) = -38*l + 104. What is k(7)?
-162
Let h(j) = -35*j - 703. Calculate h(-28).
277
Let k(r) = 1140*r + 2268. What is k(-2)?
-12
Let f(r) = r**3 + 39*r**2 + 99*r + 88. Calculate f(-36).
412
Let l(n) = -6*n**3 + 22*n*